ivided by 9?
8
Calculate the remainder when 599 is divided by 100.
99
Calculate the remainder when 706 is divided by 71.
67
What is the remainder when 2861 is divided by 69?
32
What is the remainder when 185 is divided by 52?
29
Calculate the remainder when 191 is divided by 47.
3
Calculate the remainder when 224 is divided by 45.
44
What is the remainder when 5524 is divided by 54?
16
Calculate the remainder when 33 is divided by 18.
15
What is the remainder when 53 is divided by 9?
8
What is the remainder when 49 is divided by 26?
23
Calculate the remainder when 298 is divided by 71.
14
Calculate the remainder when 190 is divided by 3.
1
What is the remainder when 549 is divided by 19?
17
What is the remainder when 359 is divided by 30?
29
Calculate the remainder when 753 is divided by 42.
39
What is the remainder when 48 is divided by 32?
16
Calculate the remainder when 153 is divided by 43.
24
What is the remainder when 83 is divided by 16?
3
What is the remainder when 2454 is divided by 91?
88
Calculate the remainder when 6445 is divided by 429.
10
What is the remainder when 6341 is divided by 129?
20
What is the remainder when 3558 is divided by 12?
6
What is the remainder when 1871 is divided by 125?
121
What is the remainder when 698 is divided by 153?
86
What is the remainder when 137 is divided by 39?
20
What is the remainder when 1681 is divided by 56?
1
Calculate the remainder when 252 is divided by 24.
12
Calculate the remainder when 511 is divided by 129.
124
What is the remainder when 7396 is divided by 37?
33
Calculate the remainder when 290 is divided by 14.
10
What is the remainder when 618 is divided by 176?
90
Calculate the remainder when 926 is divided by 42.
2
What is the remainder when 347 is divided by 35?
32
What is the remainder when 321 is divided by 23?
22
Calculate the remainder when 13 is divided by 3.
1
Calculate the remainder when 10474 is divided by 62.
58
Calculate the remainder when 379 is divided by 45.
19
What is the remainder when 6236 is divided by 77?
76
Calculate the remainder when 461 is divided by 21.
20
Calculate the remainder when 286 is divided by 105.
76
Calculate the remainder when 180 is divided by 42.
12
What is the remainder when 154 is divided by 33?
22
What is the remainder when 7199 is divided by 3598?
3
Calculate the remainder when 132 is divided by 28.
20
What is the remainder when 4165 is divided by 149?
142
What is the remainder when 123 is divided by 19?
9
What is the remainder when 192 is divided by 41?
28
Calculate the remainder when 357 is divided by 45.
42
What is the remainder when 1819 is divided by 185?
154
What is the remainder when 817 is divided by 13?
11
Calculate the remainder when 336 is divided by 55.
6
What is the remainder when 3141 is divided by 135?
36
What is the remainder when 39 is divided by 8?
7
Calculate the remainder when 565 is divided by 112.
5
What is the remainder when 426 is divided by 31?
23
What is the remainder when 59 is divided by 15?
14
Calculate the remainder when 184 is divided by 63.
58
What is the remainder when 195 is divided by 169?
26
What is the remainder when 309 is divided by 191?
118
What is the remainder when 325 is divided by 173?
152
Calculate the remainder when 1055 is divided by 152.
143
Calculate the remainder when 124 is divided by 63.
61
Calculate the remainder when 1241 is divided by 89.
84
Calculate the remainder when 755 is divided by 121.
29
What is the remainder when 8659 is divided by 33?
13
Calculate the remainder when 1348 is divided by 71.
70
What is the remainder when 377 is divided by 152?
73
What is the remainder when 818 is divided by 272?
2
What is the remainder when 172 is divided by 111?
61
What is the remainder when 1430 is divided by 132?
110
Calculate the remainder when 64113 is divided by 52.
49
What is the remainder when 490 is divided by 11?
6
What is the remainder when 178 is divided by 5?
3
Calculate the remainder when 44907 is divided by 103.
102
What is the remainder when 2891 is divided by 96?
11
What is the remainder when 190 is divided by 74?
42
Calculate the remainder when 1449 is divided by 206.
7
What is the remainder when 529 is divided by 85?
19
Calculate the remainder when 161 is divided by 55.
51
What is the remainder when 316 is divided by 23?
17
What is the remainder when 485 is divided by 9?
8
Calculate the remainder when 595 is divided by 13.
10
Calculate the remainder when 20 is divided by 3.
2
What is the remainder when 81 is divided by 25?
6
Calculate the remainder when 5471 is divided by 152.
151
What is the remainder when 1238 is divided by 38?
22
What is the remainder when 412 is divided by 106?
94
Calculate the remainder when 202 is divided by 36.
22
What is the remainder when 328 is divided by 47?
46
Calculate the remainder when 1036 is divided by 323.
67
Calculate the remainder when 266 is divided by 30.
26
Calculate the remainder when 226 is divided by 19.
17
What is the remainder when 349 is divided by 44?
41
Calculate the remainder when 45 is divided by 12.
9
What is the remainder when 283 is divided by 22?
19
Calculate the remainder when 472 is divided by 95.
92
Calculate the remainder when 831 is divided by 19.
14
Calculate the remainder when 162 is divided by 21.
15
Calculate the remainder when 536 is divided by 86.
20
Calculate the remainder when 107 is divided by 47.
13
Calculate the remainder when 463 is divided by 18.
13
What is the remainder when 2105 is divided by 3?
2
Calculate the remainder when 29 is divided by 18.
11
What is the remainder when 115 is divided by 49?
17
Calculate the remainder when 269 is divided by 30.
29
What is the remainder when 107 is divided by 25?
7
Calculate the remainder when 187 is divided by 50.
37
Calculate the remainder when 7869 is divided by 246.
243
What is the remainder when 138 is divided by 32?
10
Calculate the remainder when 1030 is divided by 12.
10
Calculate the remainder when 125 is divided by 19.
11
What is the remainder when 105 is divided by 47?
11
What is the remainder when 4465 is divided by 22?
21
What is the remainder when 1325 is divided by 88?
5
Calculate the remainder when 410 is divided by 119.
53
Calculate the remainder when 264 is divided by 17.
9
Calculate the remainder when 2182 is divided by 17.
6
Calculate the remainder when 1122 is divided by 538.
46
What is the remainder when 125 is divided by 20?
5
What is the remainder when 3666 is divided by 19?
18
Calculate the remainder when 199 is divided by 20.
19
What is the remainder when 250 is divided by 42?
40
Calculate the remainder when 129 is divided by 20.
9
Calculate the remainder when 1524 is divided by 316.
260
Calculate the remainder when 1412 is divided by 59.
55
What is the remainder when 3448 is divided by 430?
8
What is the remainder when 865 is divided by 210?
25
Calculate the remainder when 41 is divided by 24.
17
Calculate the remainder when 5247 is divided by 15.
12
Calculate the remainder when 256 is divided by 83.
7
Calculate the remainder when 1247 is divided by 25.
22
What is the remainder when 36 is divided by 34?
2
What is the remainder when 1276 is divided by 315?
16
Calculate the remainder when 1977 is divided by 15.
12
Calculate the remainder when 820 is divided by 162.
10
Calculate the remainder when 128 is divided by 43.
42
Calculate the remainder when 43 is divided by 9.
7
What is the remainder when 3289 is divided by 94?
93
Calculate the remainder when 1213 is divided by 337.
202
Calculate the remainder when 6889 is divided by 130.
129
What is the remainder when 25974 is divided by 382?
380
What is the remainder when 792 is divided by 32?
24
What is the remainder when 126 is divided by 19?
12
What is the remainder when 1693 is divided by 154?
153
What is the remainder when 233 is divided by 114?
5
What is the remainder when 19 is divided by 12?
7
What is the remainder when 87 is divided by 22?
21
What is the remainder when 5022 is divided by 67?
64
What is the remainder when 256 is divided by 155?
101
What is the remainder when 150 is divided by 14?
10
What is the remainder when 202 is divided by 34?
32
What is the remainder when 53 is divided by 20?
13
What is the remainder when 158 is divided by 9?
5
What is the remainder when 3415